{"id":47,"date":"2020-07-04T09:06:19","date_gmt":"2020-07-04T09:06:19","guid":{"rendered":"http:\/\/sweethomeberrenrath.de\/?page_id=47"},"modified":"2026-03-21T19:49:32","modified_gmt":"2026-03-21T19:49:32","slug":"freizeitangebote","status":"publish","type":"page","link":"https:\/\/sweethomeberrenrath.de\/?page_id=47","title":{"rendered":"Unsere Freizeitempfehlungen"},"content":{"rendered":"\n<p>W\u00e4hrend des Aufenthalts bei uns wird Ihnen mit Sicherheit nicht langweilig. Rund um H\u00fcrth und in H\u00fcrth selbst gibt es einiges zu entdecken.<\/p>\n\n\n\n<p><a href=\"https:\/\/www.phantasialand.de\"><strong>Phantasialand Br\u00fchl<\/strong><\/a><br>Der bekannte Freizeitpark mit 6 verschiedenen Themenwelten. Hier erleben Sie mit der ganzen Familie Urlaubsfeeling und Fahrspa\u00df.<br><em>Entfernung: 16 km<\/em><\/p>\n\n\n\n<p><a href=\"https:\/\/otto-maigler-see.de\"><strong>Otto Maigler See<\/strong><\/a><br>Das Strandbad Otto Maigler See ist eine der bekanntesten Badeseen in der Region K\u00f6ln Bonn. Hier k\u00f6nnen verschiedene Wassersportarten, wie Segeln, Rudern und Surfen ausge\u00fcbt werden. Man kann aber auch einfach nur die Natur genie\u00dfen und einen Spaziergang rund um die See machen.<br><em>Entfernung: 2,1 km<\/em>  (sehr gut auch fu\u00dfl\u00e4ufig erreichbar)<\/p>\n\n\n\n<p><a href=\"https:\/\/otto-maigler-see.de\"><strong>OMS Beach Club<\/strong><\/a><strong> <\/strong><br>Der Beach Club ist eine der angesagtesten IN-Locations in der Region K\u00f6ln Bonn. Hier erwartet Sie ein mediteraner Stil mit exklusiven Ambiente.<br> <em>Entfernung: 2,1 km<\/em>  (sehr gut auch fu\u00dfl\u00e4ufig erreichbar) <\/p>\n\n\n\n<p><a href=\"https:\/\/www.seen.de\/zieselsmaarsee\/\"><strong>Zieselmaarsee<\/strong><\/a><br>Die gespflegte FKK-Anlage ist mit Sport- und Spielspl\u00e4tzen, sanit\u00e4ren Einrichtungen und Gastronomie ausgestattet. <br><em>Entfernung: 3,8 km<\/em><\/p>\n\n\n\n<p><a href=\"https:\/\/heiderbergsee.de\/\"><strong>Heider Bergsee<\/strong><\/a><br>In Mitten des Naturparks rheinland bietet der See Entspannung f\u00fcr die ganze Familie. Auch Taucher und Schnorchler kommen auf Ihre Kosten.<br> <em>Entfernung: 12 km<\/em><\/p>\n\n\n\n<p><a href=\"https:\/\/www.wasserski-bleibtreusee.de\/\"><strong>Bleibtreusee<\/strong><\/a><br>Der Bleibtreusee geh\u00f6rt zu den Villeseen und ist einer der wenigen Seen, die als Freitzeitsee zum Schwimmen und Windsurfen freigegeben sind. Als besonderes Highlight wird hier eine Wasserskianlage geboten.<br><em> Entfernung: 12 km<\/em><\/p>\n\n\n\n<p><a href=\"http:\/\/www.Familienbad.com\"><strong>Familienbad &#8222;De B\u00fctt&#8220;<\/strong><\/a><br>Das Familienbad bietet ein umfangreiches Badevergn\u00fcgen mit vielen Attraktionen in angenehmer Atmosph\u00e4re. Hier gibt es neben den verschiedenen Indoor-Becken auch einen Freibadbereich und einen Sauna-Bereich.<br> <em>Entfernung: 4 km<\/em><\/p>\n\n\n\n<p><a href=\"http:\/\/www.huerth-park.de\"><strong>H\u00fcrth Park<\/strong><\/a><br>Das Einkaufszentrum macht mit einer Vielzahl an Gesch\u00e4ften und Shops Ihren Besuch zu einem einzigartigen Einkaufserlebnis. Auch f\u00fcr Ihr leibliches Wohl ist gesorgt.<br> <em>Entfernung: 6,2 km<\/em><\/p>\n\n\n\n<p><a href=\"http:\/\/www.schlossbruehl.de\"><strong>Schlo\u00df Augustusburg<\/strong><\/a><br>Oft auch nur &#8222;Schloss Br\u00fchl&#8220; genannt. Ist immer ein Besuch wert. Es z\u00e4hlt zu den ersten bedeutenden Sch\u00f6pfungen des Rokoko in Deutschland.<br> <em>Entfernung: 13 km<\/em><\/p>\n\n\n\n<p><a href=\"http:\/\/www.schlossbruehl.de\"><strong>Schlo\u00df Falkenlust<\/strong><\/a><br>Das Jagdschloss Falkenlust ist nur einen kurzen Spazierang vom Schlo\u00df Augustusburg entfernt. Die idyllische Parkanlage l\u00e4dt zum Entspannen und Spazieren ein.<br><em> Entfernung: 13 km<\/em><\/p>\n\n\n\n<p><a href=\"https:\/\/www.koeln.de\/koeln\/was_ist_los\/nightlife\"><strong>K\u00f6ln<\/strong><\/a><br>K\u00f6ln ist eine offene, lebendige Stadt. Es gibt <a rel=\"noreferrer noopener\" href=\"https:\/\/www.ksta.de\/freizeit\/geniessen\/-sote-vier-lieblingsorte-in-koeln-cocktailbars-23267232\" target=\"_blank\">unz\u00e4hlige Restaurants, Caf\u00e9s, Bars und Tanz-Lokale <\/a>mit  verschiedenen Stilrichtungen, die nicht nur die ortsans\u00e4ssigen  Partymacher in den verschiedenen Vierteln begeistern. Es gibt laute  Szenestra\u00dfen, gro\u00dfe Pl\u00e4tze, auf denen sich an manchen Tagen wahre  Menschenmassen aufhalten, aber auch kleine, ruhige Orte, die den ein  oder anderen Geheimtipp beherbergen. <br><em>Entfernung: 16 km<\/em><\/p>\n\n\n\n<p><a href=\"https:\/\/www.koelntourismus.de\/buchen-kaufen\/koelncard\/\"><strong>K\u00f6lnCard<\/strong><\/a><br>Planen Sie einen Besuch in einem der <a rel=\"noreferrer noopener\" href=\"https:\/\/www.koelntourismus.de\/sehen-erleben\/kultur-museen\/\" target=\"_blank\">K\u00f6lner Museen<\/a>, eine <a rel=\"noreferrer noopener\" href=\"https:\/\/www.koelntourismus.de\/sehen-erleben\/schiffstouren\/\" target=\"_blank\">Schifffahrt auf dem Rhein<\/a>  oder einen Theaterabend? Nutzen Sie die K\u00f6lnCard. <\/p>\n\n\n\n<p><a href=\"http:\/\/erlebnisbauernhof-gertrudenhof.de\/\"><strong>Gertrudenhof<\/strong><\/a><br>Der Erlebnisbauernhof  bietet einen Gnadenhof-Streichelzoo, samt  Erlebnis-Spielplatz, Blumenmarkt und ein Erdbeer-Cafe.<br><em>Entfernung: <\/em>5 km<\/p>\n\n\n\n<p><a href=\"http:\/\/www.naturparkzentrum-gymnischermuehle.de\"><strong>Gymnicher M\u00fchle<\/strong><\/a><br>Der gro\u00dfe Wassererlebnispark l\u00e4dt sowohl kleine als auch gro\u00dfe Besucher zu einem Tag voller Spa\u00df ein. Ein Erlebnis f\u00fcr die ganze Familie.<br><em>Entfernung: 8,5 km<\/em><\/p>\n\n\n\n<p><a href=\"http:\/\/erftstadt-gymnich.de\/0000009a2d09a820e\/index.html\"><strong>Gymnicher Ritt<\/strong><\/a><br>Der Gymnicher Ritt ist einer Reiter und Fu\u00dfprozession mit anschlie\u00dfender Reitermesse.  J\u00e4hrlich an Christi Himmelfahrt wird diser ca. 800 Jahre alter Brauch in Gymnich zelebriert.  <br><em>Entfernung: 7,9 km<\/em><\/p>\n\n\n\n<p><\/p>\n","protected":false},"excerpt":{"rendered":"<p>W\u00e4hrend des Aufenthalts bei uns wird Ihnen mit Sicherheit nicht langweilig. Rund um H\u00fcrth und in H\u00fcrth selbst gibt es einiges zu entdecken. Phantasialand Br\u00fchlDer bekannte Freizeitpark mit 6 verschiedenen Themenwelten. Hier erleben Sie mit der ganzen Familie Urlaubsfeeling und Fahrspa\u00df.Entfernung: 16 km Otto Maigler SeeDas Strandbad Otto Maigler See ist eine der bekanntesten Badeseen &hellip; <\/p>\n<p class=\"link-more\"><a href=\"https:\/\/sweethomeberrenrath.de\/?page_id=47\" class=\"more-link\"><span class=\"screen-reader-text\">\u201eUnsere Freizeitempfehlungen\u201c<\/span> weiterlesen<\/a><\/p>\n","protected":false},"author":1,"featured_media":0,"parent":0,"menu_order":0,"comment_status":"closed","ping_status":"closed","template":"","meta":{"footnotes":""},"class_list":["post-47","page","type-page","status-publish","hentry"],"_links":{"self":[{"href":"https:\/\/sweethomeberrenrath.de\/index.php?rest_route=\/wp\/v2\/pages\/47","targetHints":{"allow":["GET"]}}],"collection":[{"href":"https:\/\/sweethomeberrenrath.de\/index.php?rest_route=\/wp\/v2\/pages"}],"about":[{"href":"https:\/\/sweethomeberrenrath.de\/index.php?rest_route=\/wp\/v2\/types\/page"}],"author":[{"embeddable":true,"href":"https:\/\/sweethomeberrenrath.de\/index.php?rest_route=\/wp\/v2\/users\/1"}],"replies":[{"embeddable":true,"href":"https:\/\/sweethomeberrenrath.de\/index.php?rest_route=%2Fwp%2Fv2%2Fcomments&post=47"}],"version-history":[{"count":4,"href":"https:\/\/sweethomeberrenrath.de\/index.php?rest_route=\/wp\/v2\/pages\/47\/revisions"}],"predecessor-version":[{"id":168,"href":"https:\/\/sweethomeberrenrath.de\/index.php?rest_route=\/wp\/v2\/pages\/47\/revisions\/168"}],"wp:attachment":[{"href":"https:\/\/sweethomeberrenrath.de\/index.php?rest_route=%2Fwp%2Fv2%2Fmedia&parent=47"}],"curies":[{"name":"wp","href":"https:\/\/api.w.org\/{rel}","templated":true}]}}